at is -1110011 (base 2) in base 8?
-163
4472 (base 8) to base 14
c0a
-1010 (base 4) to base 3
-2112
What is 57a8 (base 11) in base 5?
220440
Convert -b9 (base 15) to base 12.
-126
ae4 (base 16) to base 2
101011100100
What is -111011111011 (base 2) in base 10?
-3835
What is 11010110100 (base 2) in base 4?
122310
Convert -103331 (base 6) to base 9.
-12651
344 (base 15) to base 3
1000101
2754 (base 11) to base 2
110111110000
-408 (base 12) to base 15
-28e
11012112 (base 3) to base 11
2337
Convert -201000 (base 3) to base 12.
-369
-25744 (base 9) to base 15
-5234
What is 172 (base 13) in base 7?
523
Convert 1432 (base 8) to base 16.
31a
What is 43c (base 15) in base 2?
1110111101
4440 (base 5) to base 2
1001101100
-10120120 (base 3) to base 16
-a2f
What is -130221 (base 6) in base 9?
-17104
Convert -16101 (base 7) to base 15.
-1509
2222441 (base 5) to base 9
58587
What is 1322 (base 9) in base 11?
822
Convert -10324 (base 5) to base 6.
-3150
Convert -c498 (base 15) to base 4.
-22021013
Convert 35257 (base 8) to base 16.
3aaf
-11140 (base 8) to base 9
-6406
What is 36a (base 15) in base 6?
3331
What is -15235 (base 10) in base 12?
-8997
41ae (base 15) to base 2
11011001000001
Convert -50b6 (base 15) to base 12.
-9a46
What is 1026 (base 8) in base 14?
2a2
-1001100111011 (base 2) to base 15
-16d3
What is -31220 (base 4) in base 8?
-1550
Convert 6d1 (base 14) to base 6.
10143
What is b4c (base 13) in base 8?
3603
Convert 451 (base 14) to base 6.
3543
What is -25456 (base 7) in base 11?
-5090
1316 (base 9) to base 10
987
-c5d (base 16) to base 7
-12141
Convert 4b5 (base 12) to base 6.
3145
What is -8a1a (base 14) in base 13?
-ab83
-1114102 (base 5) to base 10
-19902
Convert -1221122 (base 4) to base 14.
-265c
Convert -1117 (base 8) to base 3.
-210220
What is -43531 (base 8) in base 13?
-8410
Convert -837 (base 10) to base 8.
-1505
Convert 125025 (base 7) to base 3.
1012000120
Convert 13756 (base 8) to base 9.
8356
ac (base 14) to base 16
98
Convert 21340 (base 9) to base 14.
5214
What is 42345 (base 8) in base 11?
12284
-75c7 (base 13) to base 11
-11348
What is -15620 (base 8) in base 12?
-4100
Convert -21013 (base 10) to base 15.
-635d
Convert fd8 (base 16) to base 11.
3058
2936 (base 15) to base 8
21172
Convert 1846 (base 10) to base 16.
736
Convert 3143204 (base 5) to base 12.
26769
Convert 427 (base 9) to base 5.
2344
What is -666 (base 16) in base 14?
-850
What is 1e7 (base 15) in base 11?
372
28 (base 9) to base 12
22
What is 1120222 (base 3) in base 13?
6b3
-789c (base 13) to base 3
-212010110
What is -24d (base 15) in base 12?
-377
What is -2012112 (base 3) in base 10?
-1607
What is 1a69 (base 12) in base 13?
162c
What is 2771 (base 10) in base 9?
3718
Convert -5420 (base 7) to base 15.
-885
What is -1101111000 (base 2) in base 16?
-378
What is -2e99 (base 15) in base 13?
-4758
What is -3355 (base 8) in base 9?
-2380
22202222 (base 3) to base 2
1100011111110
-2847 (base 14) to base 6
-52543
Convert -772 (base 14) to base 7.
-4202
Convert 84 (base 12) to base 6.
244
What is 3175 (base 9) in base 14?
bcc
What is 10a2 (base 15) in base 12?
205b
What is -4636 (base 8) in base 10?
-2462
Convert -20122 (base 5) to base 16.
-507
What is 44b (base 12) in base 7?
1565
-1bb45 (base 13) to base 12
-27758
What is 53703 (base 8) in base 12?
11003
Convert 63 (base 9) to base 10.
57
What is -1024 (base 6) in base 12?
-174
Convert 323 (base 15) to base 6.
3140
Convert -1120242 (base 6) to base 16.
-df22
-302311 (base 4) to base 11
-2498
What is 315 (base 9) in base 11?
214
-322154 (base 6) to base 3
-1100020121
-1104 (base 8) to base 7
-1456
-2323 (base 5) to base 11
-288
Convert 1278 (base 13) to base 15.
ba9
435 (base 13) to base 15
330
Convert -4a1 (base 12) to base 16.
-2b9
What is -457 (base 10) in base 7?
-1222
Convert -261a5 (base 12) to base 6.
-1041125
What is -24054 (base 6) in base 9?
-4707
What is -1a15 (base 14) in base 11?
-3604
111111101 (base 2) to base 4
13331
Convert -121301 (base 6) to base 14.
-3c7b
What is 714 (base 11) in base 12?
5ba
What is 12612 (base 14) in base 3?
2021212020
What is -131303 (base 5) in base 15?
-181d
Convert -340d (base 14) to base 7.
-35216
Convert 1011211 (base 3) to base 12.
5b7
Convert 211014 (base 5) to base 8.
15541
-120013 (base 4) to base 12
-a87
-21030100 (base 4) to base 13
-141a0
-af (base 16) to base 6
-451
What is -48586 (base 9) in base 15?
-99a9
9929 (base 13) to base 5
1140304
-2119c (base 14) to base 13
-2a4ac
-1012000 (base 3) to base 4
-31200
-1574 (base 8) to base 10
-892
Convert 10112020 (base 3) to base 9.
3466
Convert 37944 (base 10) to base 9.
57040
Convert 3133 (base 4) to base 3.
22021
What is -50 (base 6) in base 9?
-33
-11061 (base 9) to base 10
-7345
What is -1110111011 (base 2) in base 12?
-677
Convert -427 (base 9) to base 7.
-1006
What is 23 (base 9) in base 16?
15
-dd (base 16) to base 6
-1005
What is 304 (base 13) in base 16?
1ff
Convert -2530 (base 6) to base 9.
-770
What is 7a6 (base 11) in base 3?
1022200
What is -14001 (base 5) in base 11?
-934
Convert -3622 (base 7) to base 12.
-937
Convert -12 (base 13) to base 8.
-17
What is 4318 (base 13) in base 6?
111044
Convert 61 (base 8) to base 5.
144
What is -2a (base 16) in base 2?
-101010
1596 (base 12) to base 13
1221
-5bba (base 12) to base 2
-10100001111110
-3b70 (base 15) to base 2
-11000110100001
What is 100100101100 (base 2) in base 9?
3188
-22b60 (base 12) to base 10
-46584
What is -4165 (base 9) in base 5?
-44211
What is -30203 (base 4) in base 8?
-1443
What is -13351 (base 6) in base 5?
-31313
-e1 (base 16) to base 6
-1013
Convert 2fc (base 16) to base 10.
764
Convert -12852 (base 10) to base 11.
-9724
Convert -115654 (base 8) to base 14.
-10748
Convert 557 (base 12) to base 8.
1423
Convert -1535 (base 7) to base 4.
-21212
What is -1b9 (base 16) in base 5?
-3231
Convert -121001 (base 3) to base 15.
-1dd
What is -66862 (base 9) in base 15?
-d27e
-78 (base 10) to base 3
-2220
Convert 104a (base 16) to base 5.
113140
Convert -203 (base 7) to base 11.
-92
Convert 1308 (base 10) to base 5.
20213
What is 2309 (base 11) in base 6?
22014
What is 2206 (base 12) in base 7?
13635
What is -372 (base 10) in base 2?
-101110100
3200310 (base 4) to base 10
14388
-13904 (base 12) to base 10
-27220
524320 (base 6) to base 8
122730
Convert -770 (base 13) to base 11.
-a59
What is 25121 (base 7) in base 11?
4a43
What is -6837 (base 9) in base 6?
-35224
Convert 2444343 (base 5) to base 13.
18429
Convert -89c (base 13) to base 8.
-2711
Convert 7b0 (base 14) to base 9.
2075
1301 (base 6) to base 15
16a
What is -104c (base 13) in base 4?
-203111
What is 333441 (base 5) in base 2?
10110111100010
100002 (base 4) to base 15
486
Convert -100201111 (base 3) to base 6.
-52451
What is -680 (base 9) in base 14?
-2bc
2a1 (base 11) to base 16
161
Convert 1c4 (base 15) to base 6.
1521
What is -101110101111 (base 2) in base 15?
-d46
What is 4648 (base 11) in base 8?
13726
What is -1011110 (base 2) in base 11?
-86
What is 75 (base 15) in base 13?
86
What is 25b0 (base 12) in base 14?
17da
563 (base 13) to base 10
926
-4534 (base 16) to base 5
-1031331
Convert 4455 (base 8) to base 7.
6564
What is -339a (base 13) in base 8?
-16071
Convert -d10 (base 16) to base 4.
-310100
What is 11111100011 (base 2) in base 12?
1203
-10003 (base 4) to base 5
-2014
What is -a3a (base 13) in base 12?
-100b
100431 (base 5) to base 16
ca9
-22231 (base 6) to base 9
-4241
Convert -10021132 (base 4) to base 14.
-6298
-1011420 (base 5) to base 15
-4d40
-39145 (base 11) to base 15
-11932
1755 (base 11) to base 6
14210
What is -111100100 (base 2) in base 13?
-2b3
Convert -2377 (base 10) to base 5.
-34002
1010010011110 (base 2) to base 4
1102132
Convert -28a (base 13) to base 12.
-318
Convert -10011101010 (base 2) to base 14.
-65c
What is 121201100 (base 3) in base 2?
10111110011010
1201 (base 11) to base 10
1574
What is -388 (base 9) in base 8?
-503
What is -73 (base 8) in base 14?
-43
Convert -12 (base 16) to base 8.
-22
Convert 177 (base 14) to base 4.
10231
What is 1010110000 (base 2) in base 10?
688
What is 21226 (base 7) in base 6?
40211
Convert -2424 (base 7) to base 15.
-400
What is -4276 (base 9) in base 14?
-120b
What is -1183 (base 16) in base 5?
-120413
Convert 11101110100